1885223 a prime number?
True
Is 42422131 prime?
False
Is 18755463 prime?
False
Is 478571 composite?
False
Is 473719 a prime number?
True
Is 1512053 prime?
False
Is 986693 a prime number?
True
Is 2720441 a composite number?
False
Is 688193 a prime number?
False
Is 20976649 a composite number?
False
Is 35152783 prime?
True
Is 3066493 a composite number?
False
Is 150628589 a prime number?
False
Is 3343217 composite?
False
Is 246587953 a composite number?
False
Is 7163113 composite?
False
Is 837611 composite?
False
Is 3231883 composite?
False
Is 5471 prime?
True
Is 22637213 a prime number?
False
Is 246831505 composite?
True
Is 827213 a prime number?
True
Is 4416323 a composite number?
True
Is 55042327 prime?
True
Is 29896147 prime?
True
Is 2280571 a prime number?
False
Is 14233451 a prime number?
False
Is 11135869 a prime number?
False
Is 7204087 a composite number?
True
Is 1641179 composite?
True
Is 116401547 a composite number?
False
Is 8803051 a prime number?
False
Is 49330535 prime?
False
Is 2043242 a composite number?
True
Is 24946381 a composite number?
True
Is 1565969 prime?
True
Is 298251755 a composite number?
True
Is 72663757 a composite number?
True
Is 60362513 a composite number?
True
Is 1058685949 prime?
True
Is 99523 a composite number?
False
Is 3136085 a prime number?
False
Is 135528277 a prime number?
False
Is 662701517 composite?
False
Is 1762466 prime?
False
Is 130462807 a composite number?
False
Is 25261997 a composite number?
False
Is 818143 prime?
True
Is 94435519 a prime number?
True
Is 965443 composite?
False
Is 3844787 a composite number?
True
Is 208244843 a prime number?
False
Is 13892399 a composite number?
True
Is 38587701 a composite number?
True
Is 402506851 composite?
True
Is 774715 a prime number?
False
Is 566983 a composite number?
True
Is 2033761 prime?
False
Is 27898979 composite?
True
Is 3504121 prime?
False
Is 1764841 a prime number?
False
Is 61743467 a prime number?
True
Is 28992521 composite?
False
Is 34303363 composite?
False
Is 87582029 a composite number?
True
Is 722921 a composite number?
False
Is 9770367 prime?
False
Is 396614429 a prime number?
False
Is 6290693 a prime number?
True
Is 244988849 a composite number?
True
Is 11938609 composite?
True
Is 9455527 prime?
False
Is 8517269 prime?
True
Is 34988045 prime?
False
Is 3485353 prime?
True
Is 61011221 a composite number?
False
Is 201039935 prime?
False
Is 3445487 a prime number?
True
Is 8625209 prime?
False
Is 239591611 a composite number?
True
Is 623906429 composite?
True
Is 174464405 composite?
True
Is 1143887 prime?
True
Is 67976389 a prime number?
False
Is 6137353 a composite number?
False
Is 9905377 composite?
False
Is 134670401 prime?
True
Is 9905531 a composite number?
True
Is 11671837 a prime number?
True
Is 159166867 a composite number?
False
Is 10017467 prime?
False
Is 11445271 composite?
True
Is 625165361 composite?
True
Is 17612501 a prime number?
False
Is 8766379 composite?
True
Is 8772749 a prime number?
True
Is 3863737 prime?
True
Is 915391 composite?
False
Is 128621 prime?
True
Is 4869118 composite?
True
Is 146557687 a composite number?
False
Is 57647021 a composite number?
False
Is 64151 prime?
True
Is 365380157 a prime number?
True
Is 6525047 a composite number?
False
Is 114329 a prime number?
True
Is 26481281 prime?
False
Is 531134153 a composite number?
True
Is 243990961 a prime number?
True
Is 94791871 a composite number?
False
Is 1388411 composite?
False
Is 780029 prime?
True
Is 92261969 composite?
False
Is 83760311 a composite number?
True
Is 11326477 a composite number?
True
Is 280753 composite?
True
Is 1790857 prime?
True
Is 23277659 a composite number?
False
Is 5821759 a prime number?
True
Is 42415687 prime?
False
Is 474287 a composite number?
True
Is 5854129 a composite number?
False
Is 652370617 a composite number?
False
Is 108079247 a composite number?
False
Is 2486551 a composite number?
False
Is 871342595 a composite number?
True
Is 776879 prime?
True
Is 277987 a prime number?
False
Is 8520979 prime?
True
Is 547788463 a prime number?
False
Is 10326061 prime?
False
Is 177514921 a composite number?
True
Is 773954 a prime number?
False
Is 37157474 a composite number?
True
Is 4300057 prime?
False
Is 806479 prime?
False
Is 529869079 prime?
True
Is 565031 a composite number?
True
Is 46958773 prime?
True
Is 50351521 prime?
False
Is 3964159 composite?
True
Is 9630631 composite?
False
Is 2941313 a prime number?
True
Is 2334133 a prime number?
False
Is 12332027 a prime number?
True
Is 509612231 composite?
False
Is 69130331 composite?
False
Is 8827333 a composite number?
True
Is 626533 composite?
False
Is 3758341 prime?
True
Is 34056457 composite?
True
Is 161720787 a prime number?
False
Is 14184211 a prime number?
False
Is 19724911 prime?
True
Is 80121703 prime?
True
Is 28488283 a prime number?
False
Is 38571023 a composite number?
True
Is 2611972133 a prime number?
True
Is 18288467 prime?
True
Is 72086687 composite?
True
Is 12859271 prime?
True
Is 7628717 composite?
False
Is 601745 prime?
False
Is 12618535 a composite number?
True
Is 872843 prime?
True
Is 26419031 prime?
True
Is 13682051 prime?
False
Is 807299 composite?
False
Is 3233053 composite?
True
Is 88586197 composite?
True
Is 13567997 prime?
False
Is 18906659 a prime number?
True
Is 79697923 a prime number?
True
Is 41900303 a composite number?
False
Is 28559471 prime?
True
Is 2434543 composite?
True
Is 35997251 composite?
False
Is 880771 composite?
True
Is 5444007 prime?
False
Is 11412463 composite?
False
Is 184371497 prime?
False
Is 28396129 composite?
False
Is 237537803 a composite number?
False
Is 108641623 composite?
False
Is 15453319 a prime number?
False
Is 2591839 prime?
True
Is 31022689 a composite number?
False
Is 536191991 a prime number?
False
Is 14851271 a composite number?
False
Is 49829513 a composite number?
False
Is 46873613 prime?
True
Is 37028723 composite?
False
Is 481487 prime?
False
Is 3520523 composite?
True
Is 2652589 composite?
True
Is 20742833 composite?
False
Is 107559719 a prime number?
True
Is 2408009 composite?
False
Is 76782197 a prime number?
True
Is 146686877 prime?
False
Is 62137483 prime?
False
Is 884563 composite?
True
Is 51904862 a prime number?
False
Is 7386227 composite?
False
Is 2527051 prime?
True
Is 2289413 a composite number?
True
Is 5296309 prime?
True
Is 4529243 prime?
True
Is 4403461 a composite number?
False
Is 8360943 a prime number?
False
Is 1887857 a composite number?
False
Is 99314335 prime?
False
Is 17755691 prime?
True
Is 23974663 a composite number?
True
Is 10435777 composite?
True
Is 12214019 a prime number?
True
Is 11206771 composite?
False
Is 101341983 a prime number?
False
Is 3920443 composite?
True
Is 40578537 composite?
True
Is 81886477 a prime number?
True
Is 96906827 composite?
False
Is 960893 a prime number?
False
Is 79790999 a composite number?
False
Is 2229767 a composite number?
False
Is 71260307 composite?
False
Is 11609053 composite?
False
Is 315858373 a prime number?
True
Is 14626343 a composite number?
True
Is 210659273 prime?
False
Is 26090905 a prime number?
False
Is 667489859 a composite number?
False
Is 5810743 prime?
False
Is 1469261 a prime number?
False
Is 21867673 prime?
True
Is 7292517 prime?
False
Is 2063249 a composite number?
False
Is 21015671 a prime number?
True
Is 49757107 composite?
False
Is 2278681 prime?
True
Is 58817279 a composite number?
True
Is 959449 composite?
False
Is 1500463 composite?
False
Is 2821733 prime?
True
Is 810307 a composite number?
False
Is 5596471 a prime number?
True
Is 1489973 a prime number?
True
Is 13160683 composite?
True
Is 38226101 prime?
True
Is 5123077 prime?
True
Is 6501611 composite?
False
Is 194239 a composite number?
False
Is 8920105 composite?
True
Is 58223953 prime?
False
Is 18325085 composite?
True
Is 870715 prime?
False
Is 196635721 a prime number?
True
Is 31586537 a prime number?
True
Is 16090759 prime?
True
Is 4051867 prime?
True
Is 23754467 a prime number?
False
Is 769289 prime?
True
Is 94817903 prime?
False
Is 21822851 a composite number?
True
Is 12792961 a prime number?
True
Is 2377117 a prime number?
True
Is 4866139 composite?
False
Is 817357 prime?
True
Is 868969 a composite number?
True
Is 2573803 a prime number?
True
Is 5292143 a prime num